 -q + 2*z + 3*z = -17, 3*z = 2*q - 13. List the prime factors of q/(-3) + (-82)/(-6).
13
Suppose 3*s + 0*s = -3*l - 6, -2 = 3*l + 2*s. Let i be l*(-3)/(9/(-21)). Let g = i + -6. What are the prime factors of g?
2
Let l be (-10)/3*(0 + -6). Let g(d) = d + 5. Let u be g(-10). Let y = l + u. What are the prime factors of y?
3, 5
Suppose -27 - 49 = -2*l. List the prime factors of l.
2, 19
Suppose 5*p = p + 8. Let k(z) = -26*z - 2*z**3 + p + 29*z + z**2 + 1. What are the prime factors of k(-2)?
17
Suppose 5*k + 0*k = -35. Let f = 12 + k. List the prime factors of f.
5
Suppose 31 = -3*k + m, 3*m = -3*k - m - 41. Let s = k - -27. Suppose 5*v = -0*v + w + 55, -3*v + s = -4*w. List the prime factors of v.
2, 3
Let w(j) = 36*j - 17. What are the prime factors of w(7)?
5, 47
Suppose -2*u - 7 = -2*k - u, 0 = -u + 1. What are the prime factors of k?
2
Let s(x) = -x**3 + 8*x**2 - 8*x - 4. Let o(u) = u**3 - 8*u**2 + 7*u + 5. Let n(w) = -5*o(w) - 4*s(w). List the prime factors of n(7).
19
Suppose -39 = -v + 34. List the prime factors of v.
73
Let d(i) = -6 - i + 5*i + 2*i - 2*i. Let r be ((-20)/(-8))/(2/4). List the prime factors of d(r).
2, 7
Let n = 144 - 102. What are the prime factors of n?
2, 3, 7
Let x(g) be the first derivative of -g**4/4 + 8*g**3/3 + g**2 - g - 1. Let u be x(8). List the prime factors of 6/10*u/3.
3
Let i = -11 - -8. List the prime factors of (1/i)/((-5)/30).
2
Let o = -8 - -10. Suppose o*i - 46 = -6. List the prime factors of i.
2, 5
Let f = 42 - 24. Suppose 5*u - 20 = 5*n, f = 4*u - 2*n + 6. What are the prime factors of u/((-1)/(-16)*2)?
2
Let i(k) = -k**2 + k + 1. Let w be (-22)/(-8) - (-12)/(-16). Let s be i(w). What are the prime factors of (s - 8)/(5 + -6)?
3
Suppose 9*s + 18 = -y + 4*s, -5*s = 5*y - 10. Suppose 4*o - y*o = 0. Suppose -2*p + 12 + 2 = o. What are the prime factors of p?
7
Let x be (1 - 3) + 0 + 2. Suppose -s + x*s + 14 = 0. What are the prime factors of s?
2, 7
Let g(a) = 3*a**3 + a**2 + 7*a - 1. Let m(q) = -q**3 - q. Let j(v) = -g(v) - 4*m(v). Let t be j(3). Suppose 0 = -0*z - z + t. List the prime factors of z.
2, 5
Let d(x) = x**3 - 12*x**2 + 7*x - 13. What are the prime factors of d(12)?
71
Suppose 0 = -4*d - 3*n - 0*n - 2, 0 = -2*d + n + 4. Let x be 9/2*4/6. Let i = x - d. What are the prime factors of i?
2
Let d(j) = -4*j**2 - 5*j + 9 + 3*j**2 - 3*j. What are the prime factors of d(-7)?
2
What are the prime factors of (-32)/40*(-705)/6?
2, 47
Suppose 4 = -h + 3. Let n(f) = -9*f + 3. What are the prime factors of n(h)?
2, 3
Let y = 9 - 5. Suppose 9*h - 115 = y*h. Suppose h = 4*v - 21. What are the prime factors of v?
11
Let r be (-22)/5 + (-4)/(-10). Let b = 1 - r. List the prime factors of b.
5
Let s(n) = -n**3 - 10*n**2 + 11*n + 14. What are the prime factors of s(-11)?
2, 7
Let q = -69 + 49. Let i = q + 45. Suppose 2*w - i = 4*m - 89, -m + 19 = -2*w. What are the prime factors of m?
3, 5
Suppose -3*i + 18 = 2*g, 2*i + 36 = 4*g + 3*i. What are the prime factors of g?
3
Let k = -11 - -19. Let z be ((-30)/k)/(2/(-8)). Let d = z + -5. What are the prime factors of d?
2, 5
Let m(n) = -n**2 - n + 1. Let g(x) = 2*x + 8*x**2 + 4*x - 8 - x**2. Let u(a) = g(a) + 6*m(a). What are the prime factors of u(-3)?
7
Suppose 3*s + 21 = 6, 3*d = 5*s + 46. Suppose 0 = -2*g + d*g - 15. Suppose -3*x - x + b + 51 = 0, -2*b = g*x - 52. What are the prime factors of x?
2, 7
Let s(j) = -j**3 + 9*j**2 - j + 11. Let w be s(9). Let r = 119 + -62. Suppose 5*t + w = r. What are the prime factors of t?
11
Let g = 207 + -74. What are the prime factors of g?
7, 19
Let g = -62 + 119. List the prime factors of g.
3, 19
Suppose -8 = -2*i + 2. Suppose -15 = -0*l - i*l. What are the prime factors of l?
3
Let q = 2 + 5. Let o = q + -9. Let a(z) = z**2 - 1. List the prime factors of a(o).
3
Let i(w) be the first derivative of w**4/4 + 2*w**3 - 5*w**2/2 + 5. List the prime factors of i(-6).
2, 3, 5
Suppose -3*y - 2*w - 2*w + 741 = 0, y + 5*w - 247 = 0. What are the prime factors of y?
13, 19
Suppose 3*h + 3 - 30 = 0. What are the prime factors of h?
3
Let b be 94/(-14) + 4/(-14). Let l be 0 + (-4)/1 + 17. Let y = l + b. List the prime factors of y.
2, 3
Suppose -2*c - 6 - 5 = -3*f, -15 = -4*f + 3*c. Let y(t) = t**3 - 2*t**2 + 3*t + 3. List the prime factors of y(f).
3, 7
Suppose -100 = 6*u - 11*u. List the prime factors of u.
2, 5
Suppose 9*q = 6*q + 84. What are the prime factors of q?
2, 7
Let p(w) = w**3 - 9*w**2 + 14*w - 8. List the prime factors of p(8).
2, 5
Let k = 324 - 197. Suppose -k - 5 = -4*u. List the prime factors of u.
3, 11
Let o = -4 - -20. List the prime factors of o.
2
Let d(u) = u**3 - 8*u**2 - 19*u + 34. List the prime factors of d(11).
2, 47
Suppose -4*t = -2*t - 8. List the prime factors of (6/(-9))/(t/(-18)).
3
Suppose 3*g - t = 2*g - 46, 5*g - 4*t = -230. Let p = g - -113. Suppose 59 = 5*m - 0*w + w, -5*m + p = 3*w. What are the prime factors of m?
11
Let w(b) = b**3 - 10*b - 3. What are the prime factors of w(5)?
2, 3
Suppose -w = 4*z + 9 + 2, 0 = 2*z - 4*w + 10. Let p = z + 5. Suppose -p*r + 8 = 2*r. What are the prime factors of r?
2
Suppose 0 = -3*t - 2*n + 46, 4*t - 62 = -0*n - 3*n. What are the prime factors of t?
2, 7
Let z = 330 - 233. What are the prime factors of z?
97
Let t be 18*(-1)/3*-2. Suppose -3*c + t = -0*c. List the prime factors of c.
2
Let t = 70 - 114. Let c be (-2)/5 - t/10. Let f = c + 3. List the prime factors of f.
7
Let q be 4 + -1 + 0 + 1. Suppose -n - 45 = -q*n. List the prime factors of n.
3, 5
Let g be (-5)/(-10)*24/3. Suppose -3*n - j - g*j = -119, -j + 136 = 4*n. What are the prime factors of n?
3, 11
Let f(u) = -u - 13. Let v be f(-8). Let c = v - -8. What are the prime factors of c?
3
What are the prime factors of (-2)/10 + 181/5?
2, 3
Let v(o) = o**3 + 17*o**2 - 28*o - 22. List the prime factors of v(-18).
2, 79
Suppose -z + 0 - 2 = 0. Let y = 17 - z. What are the prime factors of y?
19
Let h be (-1)/2 + 106/4. Suppose -30 = -4*r + h. List the prime factors of r.
2, 7
Let y(g) be the third derivative of -g**6/120 + 7*g**5/60 + 5*g**4/12 - 2*g**3/3 - g**2. List the prime factors of y(8).
2, 3
Suppose -2*c - 2*g = -c + 7, -2*c = g + 8. Let h = c - -6. Suppose -h*p + m + 43 = -3*m, -4 = 4*m. List the prime factors of p.
13
Suppose -6*k + 10*k - 112 = 0. List the prime factors of k.
2, 7
Suppose 4*z = -s + 87, -5*s = 4*z - 6*z + 27. Suppose -5*t = -2*t - z. Suppose 5*c + 2*p = 35, -4*c - 3*p = -28 - t. List the prime factors of c.
5
Let u = -19 + 25. Suppose -10*b + u*b + 16 = 0. List the prime factors of b.
2
Let x(p) = 7*p**2. What are the prime factors of x(-1)?
7
Let f = 53 - -121. List the prime factors of f.
2, 3, 29
Let h = 41 + 9. What are the prime factors of h?
2, 5
Suppose 63 = o - 3*s, -4*o - 5*s + 199 = -2. Suppose -p - o = -4*p. List the prime factors of p.
2, 3
Let j(u) = 2*u - 4 + 6*u**2 - 3*u**3 + 2*u**3 + u. Let p be j(6). What are the prime factors of (p/3)/((-4)/(-6))?
7
Let v = 38 - 29. List the prime factors of v.
3
Let v be (-15)/6*8/(-5). Suppose v*g - 23 = -3. Suppose 0 = 3*p - k - 2, p + k = g*k - 14. What are the prime factors of p?
2
Suppose 4*l = 3*k - 5*k - 16, -k = 2. List the prime factors of 1 + 4 + 3/l.
2
Let r(k) = k**3 - 7*k**2 - 10*k - 2. What are the prime factors of r(9)?
2, 5, 7
Suppose 43 = -2*s + s. Let k = -26 - s. List the prime factors of k.
17
Suppose 0 = f + 2*f - 51. Let h = 10 + f. List the prime factors of h.
3
Suppose 1 = -2*t + 11. Suppose 2 = -2*q, 0*d + 5*q + 70 = t*d. What are the prime factors of d?
13
Let c be 2/(-9) - 40/(-18). Suppose -t + c*t - 45 = 0. Suppose -5*h - t = -10*h. What are the prime factors of h?
3
Let c(i) = i**2 + 10*i - 3. What are the prime factors of c(-14)?
53
Let z(b) = b - 1. Let c be z(4). Suppose a + 5*d = 16, -a + 23 = -c*d + 7. What are the prime factors of a?
2
Let w be 49/3 + (-2)/(-3). Let h = 32 - w. What are the prime factors of 144/h - 2/(-5)?
2, 5
Suppose 0 = 2*a - 4, 2*r - 5*r + 3*a + 303 = 0. What are the prime factors of r?
103
Let o = 18 - 24. Let t = 36 - o. What are the prime factors of t?
2, 3, 7
Let k(b) = -5*b**3 - 2*b**2 - 5*b - 5. Let q be (-2*6/3)/2. What are the prime factors of k(q)?
37
Suppose 2*o = 2*y - 7 - 5, 0 = -5*o + 5. What are the prime factors of y?
7
Let n be 13 - (0 - 